
100212
In base 7, what is -2 - 2?
-4
In base 11, what is 0 + 36?
36
In base 12, what is -5 - 302?
-307
In base 2, what is 1101 + -100111100?
-100101111
In base 16, what is -1 + -47?
-48
In base 10, what is 225 - -16?
241
In base 2, what is -1 - -1001110?
1001101
In base 6, what is -225 + -31?
-300
In base 10, what is -3 + 106?
103
In base 7, what is 35 - 5?
30
In base 12, what is 78 + 49?
105
In base 14, what is -2 + -258?
-25a
In base 16, what is 5 - -2dd?
2e2
In base 4, what is -22220031 + -1?
-22220032
In base 8, what is -1 - 42?
-43
In base 10, what is 0 + -77?
-77
In base 15, what is 5 - -3?
8
In base 9, what is 102 + 3?
105
In base 11, what is -6 - -6a7?
6a1
In base 5, what is 1 - 402?
-401
In base 5, what is -30 + -31?
-111
In base 9, what is -2 + 106?
104
In base 14, what is 0 - -658?
658
In base 6, what is -4 - 22120?
-22124
In base 4, what is -11 - 31231?
-31302
In base 7, what is -5 + 115?
110
In base 3, what is 110 - -10?
120
In base 10, what is -2 + -3765?
-3767
In base 8, what is 36 + 37?
75
In base 8, what is 4 - 457?
-453
In base 15, what is 2 + 920?
922
In base 7, what is 1163 - 0?
1163
In base 4, what is 23 + -11022?
-10333
In base 7, what is -1141 - -100?
-1041
In base 16, what is 1c - 5d?
-41
In base 15, what is 3 - 169a?
-1697
In base 9, what is -2 - 51?
-53
In base 5, what is -2 + -1012?
-1014
In base 3, what is 1 + 1112?
1120
In base 9, what is -17 - -120?
102
In base 7, what is 4 + 20?
24
In base 7, what is -11511 + -5?
-11516
In base 5, what is -3 - -21033?
21030
In base 13, what is 285c + -5?
2857
In base 10, what is 299 + -7?
292
In base 9, what is 7 + -1242?
-1234
In base 15, what is -4 + -1a?
-1e
In base 14, what is -15 + 58?
43
In base 9, what is -4 - -8?
4
In base 14, what is 6 + -19?
-13
In base 2, what is -10 + 1111000111?
1111000101
In base 9, what is -3 + 27?
24
In base 8, what is 7776 + -5?
7771
In base 5, what is 3 - 2242?
-2234
In base 8, what is -1076 - 5?
-1103
In base 15, what is 5 + -25?
-20
In base 5, what is -24 - 10?
-34
In base 7, what is 3412 + 5?
3420
In base 12, what is -66 + -2?
-68
In base 2, what is 1100011 - 100100?
111111
In base 10, what is -1 + 2?
1
In base 12, what is -238 + 6?
-232
In base 6, what is -240 + -123?
-403
In base 16, what is 1b4 - -6?
1ba
In base 13, what is 1 + -c7?
-c6
In base 11, what is 600 + 0?
600
In base 10, what is -1457 + 0?
-1457
In base 16, what is 77e - 1?
77d
In base 15, what is 636 + 4?
63a
In base 11, what is 1490 - -5?
1495
In base 4, what is 111 + 101?
212
In base 4, what is 11 + -230310?
-230233
In base 2, what is -101 + -10101111?
-10110100
In base 3, what is -121 - -22000?
21102
In base 16, what is 1 - -68?
69
In base 12, what is -144 + 1?
-143
In base 13, what is -1 - -9a0?
99c
In base 11, what is -233 + -1?
-234
In base 3, what is -11102 + -121?
-12000
In base 16, what is -46 - -3?
-43
In base 8, what is 4 - 3444?
-3440
In base 3, what is 120 - -1101?
1221
In base 7, what is 305 + 42?
350
In base 3, what is -1 - -22122?
22121
In base 12, what is -46 + 0?
-46
In base 12, what is 1 + 1b91?
1b92
In base 11, what is -1 - 94?
-95
In base 12, what is 63b + -2?
639
In base 12, what is 257a4 - 2?
257a2
In base 16, what is 1d9 - -5?
1de
In base 7, what is -1433 - -1?
-1432
In base 4, what is -1032 - -301?
-131
In base 5, what is -1023 + -323?
-1401
In base 10, what is 0 - -42?
42
In base 12, what is 0 + -14?
-14
In base 9, what is 1648 + 4?
1653
In base 8, what is -25 - 0?
-25
In base 13, what is 2 + -193?
-191
In base 11, what is -990 - 5?
-995
In base 5, what is 313 - -13?
331
In base 15, what is 202 + -5?
1ec
In base 4, what is 3 + 222?
231
In base 11, what is -2 - -291?
28a
In base 4, what is -3320203 - -3?
-3320200
In base 12, what is -b - -12?
3
In base 9, what is -161 - -2?
-158
In base 16, what is 115 - -2?
117
In base 2, what is -101100111101000 - 11?
-101100111101011
In base 3, what is 2 - -22200210?
22200212
In base 15, what is 2 + 62?
64
In base 10, what is -2530 + 3?
-2527
In base 5, what is -3014 - 0?
-3014
In base 16, what is -1d - 6b?
-88
In base 5, what is -23 + 102?
24
In base 12, what is 11 + -107?
-b6
In base 10, what is 64 - -57?
121
In base 14, what is a2 + 4?
a6
In base 6, what is -13511 - -2?
-13505
In base 12, what is -283 + -9?
-290
In base 15, what is -1 - -84?
83
In base 10, what is 0 + -34?
-34
In base 11, what is -1 - 40?
-41
In base 12, what is -2 + -26?
-28
In base 15, what is -8 + -4e?
-57
In base 2, what is 110 + 1100?
10010
In base 13, what is 4 - -148?
14c
In base 2, what is 1 - -1000010110100?
1000010110101
In base 11, what is -1024 + 4?
-1020
In base 10, what is 8 + 18?
26
In base 15, what is a05 - -1?
a06
In base 9, what is -341 + -22?
-363
In base 10, what is 1509 - 5?
1504
In base 4, what is 2 + -111?
-103
In base 2, what is 1 - 110001?
-110000
In base 5, what is 104 + -30?
24
In base 11, what is 102 - -3?
105
In base 9, what is 17 - 481?
-463
In base 12, what is 16 + 201?
217
In base 9, what is -182 + -11?
-203
In base 8, what is 323 + -13?
310
In base 5, what is -10401 - 4?
-10410
In base 13, what is -1 - 48?
-49
In base 12, what is 1 - -32?
33
In base 5, what is 0 + -303?
-303
In base 10, what is -9 - 34?
-43
In base 3, what is 12000 - -10?
12010
In base 8, what is 3 - 107?
-104
In base 5, what is -134 + 3?
-131
In base 7, what is -2353 + 13?
-2340
In base 10, what is 395 + 5?
400
In base 10, what is 4 - -4118?
4122
In base 14, what is 43 - -123?
166
In base 15, what is -c5 + d?
-b7
In base 8, what is 5 - -242?
247
In base 16, what is 553 - -2?
555
In base 14, what is -56 - -50?
-6
In base 2, what is 100 - 1110101011?
-1110100111
In base 12, what is 4 - -321?
325
In base 5, what is 12014 - -2?
12021
In base 4, what is 3 + -3103?
-3100
In base 9, what is -216 - -1?
-215
In base 13, what is 49 + 17?
63
In base 16, what is -1 + 19e?
19d
In base 7, what is -2 + 1623?
1621
In base 13, what is 261 + -2?
25c
In base 2, what is 10001100 - -1000001?
11001101
In base 10, what is -528 + -4?
-532
In base 16, what is -109 + 68?
-a1
In base 12, what is -20b - 3?
-212
In base 9, what is 531 - 0?
531
In base 6, what is -155 - 433?
-1032
In base 5, what is 0 - 101?
-101
In base 9, what is 25 + 30?
55
In base 6, what is 0 - -513?
513
In base 3, what is 10 + 1112?
1122
In base 9, what is 251 - 8?
242
In base 10, what is -7 - -311?
304
In base 9, what is -2124 + -1?
-2125
In base 14, what is 64 + -10d?
-89
In base 15, what is 5 + cea?
d00
In base 9, what is -133 + 63?
-60
In base 10, what is -39 + 71?
32
In base 2, what is 101 + 110110101?
110111010
In base 2, what is 1001 - -110?
1111
In base 11, what is 91 - -14?
a5
In base 5, what is -41 - 20?
-111
In base 16, what is -5a - 108?
-162
In base 8, what is 136 + -15?
121
In base 14, what is c56 + -2?
c54
In base 6, what is 1 - -1334?
1335
In base 9, what is 2 + 1355?
1357
In base 16, what is 0 - -25?
25
In base 12, what is 2b4 - 1?
2b3
In base 2, what is -11011101 - 101?
-11100010
In base 14, what is -72 + 1a?
-56
In base 7, what is -3 + 14035?
14032
In base 7, what is 23615 + -3?
23612
In base 13, what is -94 - -2?
-92
In base 11, what is -33 - -6?
-28
In base 10, what is -31 + 6?
-25
In base 12, what is -4 + 13?
b
In base 7, what is -3 + -21?
-24
In base 8, what is 4 + -136?
-132
In base 8, what is -23 + -10?
-33
In base 7, what is 2020 + -2?
2015
In base 11, what is 0 + 43?
43
In base 15, what is -68 + 65?
-3
In base 14, what is 4 - -6c?
72
In base 7, what is 6640 + -1?
6636
In base 15, what is 65 + -2?
63
In base 7, what is -34 - 140?
-204
In base 4, what is -12 - 132302?
-132320
In base 2, what is -1010100 - 1101?
-1100001
In base 11, what is 5 + 140?
145
In base 15, what is c67 + 3?
c6a
In base 14, what is -2 - 6?
-8
In base 11, what is 817 + 2?
819
In base 8, what is -2 - 2502?
-2504
In base 4, what is -3111 + 23?
-3022
In base 4, what is 3 + -3?
0
In base 2, what is 10110011 + -1010?
10101001
In base 5, what is 14 + -3424?
-3410
In base 8, what is 0 + -310?
-310
In base 7, what is 1233 - -3?
1236
In base 6, what is 1 + 12450?
12451
In base 2, what is -10101 + 100?
-10001
In base 14, what is 49 - -5c?
a7
In base 3, what is 202 + -200?
2
In base 12, what is 164 - -1?
165
In base 13, what is -5c - 110?
-16c
In base 3, what is -10 - 10012122?
-10012202
In base 10, what is 2672 +